ose 4*i - 41*v - 17507 = -36*v, 0 = 2*i - 3*v - 8755. Is i a prime number?
True
Suppose 3*f + 219 + 507 = 0. Let m = f - -405. Is m composite?
False
Suppose -i + 2*t + 7115 = 0, 9 = -13*t + 16*t. Is i a composite number?
False
Let o = 2730 - 1448. Is o composite?
True
Let c = -2 + 2. Let n(j) = -j**2 - j + 91. Let f be n(c). Suppose f - 15 = 4*o. Is o composite?
False
Let w(o) = o**3 - 6*o**2 + 5. Let x be w(6). Suppose 2*l + 504 = x*k + 57, -2*k = -2*l - 174. Let c = -17 + k. Is c a composite number?
True
Suppose 24*y + 373648 = 1527400. Is y composite?
False
Let p be 2 + -14 + -1 + 4. Let o = 11 + p. Suppose 0 = -5*n - 5*y + 4860, -4*n + 957 = -3*n - o*y. Is n a composite number?
False
Suppose -7*i + 3017 = -52262. Is i composite?
True
Let n(h) = -2*h + 2. Let u be n(-3). Let s be (-4)/u + 1106/(-4). Let o = -154 - s. Is o composite?
True
Suppose -64799 = 9*h - 16*h. Is h prime?
True
Is 388/(-6)*14718/(-44) a prime number?
False
Let j(h) = 2*h**2 - 4*h + 5. Let v be j(2). Suppose -1775 = -v*d - 0*d. Is d prime?
False
Let i(d) = 55*d**3 - d**2 - 10*d - 11. Let g be i(5). Suppose -5*p = -g - 326. Is p prime?
True
Let m(x) = 4*x**3 + 25*x**2 + 15*x + 45. Is m(13) a composite number?
True
Suppose -3*s + 70 = 3*r - 4*s, 5*r - 100 = 5*s. Suppose 3*u - 5*y = r, 4*y = u + 2*y - 10. Suppose u = 5*b - 568 - 177. Is b a prime number?
True
Suppose 33*p - 32*p - 4196 = -5*n, -5*p + 2*n + 21007 = 0. Is p a prime number?
True
Is 3372 + 26/(-169) + 11/(-13) composite?
False
Suppose 4*q + 32 = -4*o, -2*q + q = 3*o + 16. Let f be (3 + -2 - 2)*o. Suppose j - f*j + 354 = 0. Is j prime?
False
Let v(x) = -4*x - 9. Let a be v(-3). Suppose -a*s = -23 - 13. Suppose -6*h + 120 + s = 0. Is h prime?
False
Let z(k) = -6*k**3 + k**2 + 7*k - 2. Suppose 0 = q + 3*q - 12. Let d(m) = m**3 - m**2 - m + 1. Let t(s) = q*d(s) + z(s). Is t(-4) a prime number?
False
Let w(o) = o**3 + 10*o**2 + 8*o - 3. Let h be w(-9). Let l(r) = 1 - h*r - 8*r - 10 + r. Is l(-6) composite?
True
Let r(h) = 7*h + 12*h - 4 + 61*h**3 - 36*h + 15*h. Is r(3) a prime number?
True
Let d = 59 + -55. Suppose -4*s + 3*m + 982 = -0*m, 2*m = s - 243. Suppose d*f = -35 + s. Is f a prime number?
True
Let d(w) = 3*w**3 - 2*w**2 + 1. Let a be d(-1). Let z be -10*(-2 + (-6)/a). Suppose 879 = z*p - 2*p. Is p a composite number?
False
Let y(l) = l - 17. Suppose 5*i = -0*i. Let c be y(i). Let k = 36 + c. Is k prime?
True
Let c = 645 + -6823. Let n = 9245 + c. Is n a composite number?
False
Let g be 6/8 - 114/24. Let m be (-1 - 8/g) + -78. Is (-8)/32 + m/(-4) prime?
True
Let j(q) = -4*q**3 + 2*q**2 - 16*q + 5. Let t be j(-5). Suppose -2*y = -2*d + 3*d - t, 5*d + 972 = 3*y. Is y prime?
False
Let w(g) = 5*g**2 - 11*g + 13. Let q be w(6). Let n = q - 48. Is n composite?
False
Let n be (1 + 0)/((-9)/36). Is (-3 - -215) + -1 + 2 + n composite?
True
Let y(w) be the third derivative of 11*w**5/60 + w**4/12 - 5*w**3/6 + 11*w**2. Let o be (-88)/14 + (-4)/(-14). Is y(o) a prime number?
True
Suppose 12*g - 8*g + 16 = 0. Let d(n) = 35*n**2 + 6*n + 9. Is d(g) prime?
False
Suppose -56 = 38*b - 45*b. Is (b/2)/4 + 2332 prime?
True
Let q = 9253 - 4342. Is q prime?
False
Let o(s) = -540*s**3 + s**2. Suppose 3*j - 9 = -4*u, 4*j + 0*u - 2*u = -10. Is o(j) a composite number?
False
Let a = -11 - -3. Let k = a - -259. Suppose -k = -0*g - g. Is g a prime number?
True
Suppose 4*v + 3631 - 458 = j, 3 = 3*j. Let f = 784 - v. Is f composite?
True
Is (13 + 2)/(-3) + 44*66 composite?
True
Let j = 7 - 28. Is ((-5866)/j)/(4/6) a composite number?
False
Let w(l) = -2*l**3 + 24*l**2 - 10*l - 133. Is w(-30) a prime number?
True
Let w be -2*(1170 - (-4 - 0)). Is (w/(-8))/((-3)/(-6)) a composite number?
False
Suppose -2*k = -10*k + 18392. Let q = 4268 - k. Is q a composite number?
True
Let o(t) = -199*t - 3. Let v(q) = -100*q - 1. Let g(b) = b**2 - 11*b + 5. Let c be g(10). Let x(r) = c*v(r) + 2*o(r). Is x(2) a composite number?
True
Let s(i) = -6*i - 17. Let x(c) = c - 1. Let v(o) = s(o) - 3*x(o). Is v(-4) a composite number?
True
Let w = 9090 - 5983. Is w a prime number?
False
Suppose -5782 = -5*y - h, 356 = y + h - 798. Is y a prime number?
False
Suppose 268 = -2*m - 0*m. Let a = m + 1195. Is a a prime number?
True
Suppose -111692 = -40*b + 12*b. Is b composite?
False
Let y = 0 - -4. Suppose 612 + 1344 = y*j. Let k = 740 - j. Is k prime?
True
Suppose -l + 5*t - 54 - 64 = 0, 3*t = -3*l - 300. Let m = 162 + l. Is m prime?
True
Let i(n) = -n - 8. Let k be i(-10). Let r be 6 - ((-1 - 0) + k). Let v(z) = 2*z**3 - 6*z**2 - 2*z + 7. Is v(r) composite?
False
Let x be (6 - 3)*4/3. Suppose 485 = v - 0*v + x*b, 4*v - 4*b = 1860. Is v a composite number?
True
Suppose 0 = 7*j + 10 - 31. Suppose -2*m - 913 = -m - j*o, 0 = m + 5*o + 889. Let k = -363 - m. Is k a prime number?
True
Suppose 0 = -10*t + 5*t - 50. Let y be 28/6 - t/(-15). Suppose -4*x = -5*x - 5*k + 144, -k = -y*x + 597. Is x composite?
False
Suppose -5*k = 4*c - 35741, -47*k + 49*k + 6 = 0. Is c a prime number?
False
Suppose 2980 = q - 3049. Is q composite?
False
Suppose 0 = 4*f + 2*i - 18, 0 = -f - 3*f - i + 13. Suppose -f*j = -5 - 5. Suppose -j*c + 3*c = -42. Is c a composite number?
True
Suppose -3*p + 1121 = -5*a, -p - p - 3*a + 760 = 0. Is p prime?
False
Suppose -17178 = -6*h + 21636. Is h a prime number?
True
Let z = -2279 + 3850. Is z a composite number?
False
Let o = -5 - -4. Let n be (3 - -3) + o + -1. Let m(l) = 4*l**3 - l**2 + 3*l + 5. Is m(n) prime?
True
Let x = 16867 + -9150. Is x prime?
True
Let h(u) be the first derivative of u**4/4 + 4*u**3 - 9*u**2/2 - 5*u - 1. Is h(-6) composite?
True
Suppose -5640 - 3655 = -65*r. Is r composite?
True
Suppose 5 = 3*g - 7. Let r(t) = -t**3 + 3*t**2 + 4*t + 2. Let w be r(g). Suppose -w*i = -7*i + 1570. Is i a composite number?
True
Let k(m) = 39*m**2 + m - 45. Is k(-11) prime?
True
Let d be 4/(-18) - (-58)/18. Let h(i) = i**3 - 7*i**2 - 4*i + 7. Let w(o) = -o**3 + 6*o**2 + 4*o - 6. Let y(q) = d*h(q) + 2*w(q). Is y(10) a composite number?
True
Suppose 4*x - 8 = 0, -3*x + 10 = -3*r + 2*x. Suppose 4*h - v - 4*v - 27 = r, -5*v = 5*h. Suppose -t + 742 = 5*a, 4*t - 295 = -2*a + h*t. Is a composite?
False
Let y(x) = -21*x**2 + 7*x + 5. Let c be y(-8). Let j = 3058 + c. Is j composite?
False
Let d(g) be the third derivative of -g**6/60 + 7*g**5/60 + 3*g**4/8 - g**3/6 - 10*g**2. Is d(-8) prime?
True
Let g(m) = -m - 1. Let l(v) = 5*v - 4. Let f(o) = 6*g(o) + l(o). Let a be f(-12). Suppose 4*h - 30 = -2*c + 236, 2 = -a*c. Is h prime?
True
Suppose -10*c - 5330 = -20*c. Is c composite?
True
Suppose 0 = -10*y + 47 + 1103. Let z = y + -69. Is z composite?
True
Let b be (-2 - (-16)/12)*-6. Suppose -2*q = q - 4*n - 1265, -1678 = -b*q + n. Is q a prime number?
True
Let a(g) = g**2 + 7*g - 13. Let c = 3 + 7. Let d be a(c). Suppose -5*u + d = -4*u. Is u a composite number?
False
Suppose 3*d = 2*d + 1112. Let g = 1609 - d. Is g prime?
False
Suppose 3*z + 6356 = 5*z. Suppose z = -5*r + 7*r. Is r composite?
True
Suppose -56 = -4*j - 44. Suppose -j*p + 116 + 11 = -4*a, 2*p + 4*a - 58 = 0. Is p a composite number?
False
Let r be (8/10)/((-6)/120). Let h = r + 14. Is (-594)/h + -4 + 2 a prime number?
False
Let m be 570/(-1)*2*-1. Let k = m + -507. Is k/5 + 6/15 a prime number?
True
Suppose 21*n + 30 = 24*n. Suppose -9*d - 161 = -n*d. Is d prime?
False
Suppose 6243 = -2*o + 3*a, -2*o + 0*o - 5*a = 6235. Suppose -2*k - 3*k = 2*z + 109, 5*k + 115 = -5*z. Is o/k + (-3)/(-7) prime?
True
Let u = -146 - -160. Suppose 0 = u*h + 3*h - 59687. Is h a composite number?
False
Let n = -1274 + 2634. Suppose p + n = 4*w, -686 = -2*w - p + 3*p. Suppose -2*g - 3*s + 671 = 0, -2*g + 2*s + w = -g. Is g prime?
True
Let d = -14 - -6. Let p(k) be the second derivative of k**4/12 + k**3/2 - k**2/2 + 27*k. Is p(d) composite?
True
Suppose 35*n - 835344 = 894251. Is n composite?
False
Suppose -4*k = -4*c - 32, -4*k + 2*c + 24 - 2 = 0. Suppose 0 = k*w + 4*h - 573, 0 = -4*h + h. Is w composite?
False
Let r = -6710 + 16174. Suppose 0 = a - 5*a + r. Suppose 73 + a = 3*j - 2*g, g - 1633 = -2*j. Is j composite?
True
Let z(u) = 183*u - 7. Let r be z(-2). Let l = 638 + r. Is l a prime number?
False
Let c(k) = 2*k**3 - 10*k**2 - k + 3. Let d be c(12). Suppose 51*q - 54*q + d = 0. Is q a composite number?
True
